2 - 3*k. What is the remainder when 66 is divided by w(-2)?
10
Suppose -4*q + 5*m - 1 = 0, -5*q + 2*m - 1 = -21. Suppose x + 25 = q*x. Calculate the remainder when x is divided by 2.
1
Let z(s) = -4*s - 7. Let w be z(-5). Let g(h) = 3*h + 1. Let u be g(-3). Let p = u + w. What is the remainder when 14 is divided by p?
4
Let n = -3 - -5. Suppose 5*z + 185 = 5*c, -2*z = -n*c - z + 72. What is the remainder when c is divided by 18?
17
Suppose -3*a + 8*a = 415. What is the remainder when a is divided by 21?
20
Let u = -168 - -188. What is the remainder when 91 is divided by u?
11
Suppose -2*d = -0*d - 132. Suppose 3*b - 3*t = 18, -d = -5*b + t - 5*t. What is the remainder when 39 is divided by b?
9
Suppose -4*b + 35 = -5*j - 17, 3*b - 40 = 4*j. Calculate the remainder when 14 is divided by b.
6
Suppose p - 51 = y, -4*y + 9*y - 121 = -3*p. Suppose -4*v - 5 = r, 2*v = 5*r - 2*v - p. What is the remainder when r is divided by 3?
1
Suppose 17*c + 350 = 27*c. Calculate the remainder when c is divided by 9.
8
Let h(y) = 10*y + 5. Let w be h(4). Suppose -5*b = 4*f - 82, -f = 2*b + b - w. Calculate the remainder when 1*((-3 - -1) + 43) is divided by b.
13
Suppose -129 = -3*f + 33. What is the remainder when f is divided by 28?
26
Suppose -3*a + a + 2*v + 26 = 0, 4*a + v = 52. Calculate the remainder when 51 is divided by a.
12
Suppose -m = -35 - 19. Calculate the remainder when m is divided by 14.
12
What is the remainder when 138 is divided by (0 + 1)/(0 + 4/188)?
44
Let t be 21/4 + 2/(-8). Let m = 13 - t. What is the remainder when 927/30 - 25/(-250) is divided by m?
7
Let w = 160 + -156. What is the remainder when 14 is divided by w?
2
Calculate the remainder when 6/9*-1*-9 is divided by 3.
0
Suppose -i = 2*i - 27. What is the remainder when 42 is divided by i?
6
Let b(y) = y + 7. Let z be b(-5). Let m(f) = 2 - 2 + z - 3*f. What is the remainder when m(-3) is divided by 6?
5
Let x(q) be the first derivative of -3*q**2/2 - q + 3. Calculate the remainder when x(-5) is divided by 8.
6
Let d = 48 - -109. Calculate the remainder when d is divided by 32.
29
Let s = -12 - -38. Calculate the remainder when 99 is divided by s.
21
Let u(w) = w**3 + 9*w**2 + 5*w - 14. Calculate the remainder when u(-7) is divided by 17.
15
Let a = -9 - -19. What is the remainder when 38 is divided by a?
8
Let p(l) = l - 7. Suppose -3*f = -8*f + 10, -n = 3*f - 8. Suppose 5*t - 3 = n. What is the remainder when p(8) is divided by t?
0
Suppose -a = -0*a - 33. Let q = a + -18. Suppose -10*r - 132 = -13*r. Calculate the remainder when r is divided by q.
14
Let x be (11/(-2))/(2/4). Let y(t) = t**2 + 10*t - 8. Let v(c) = c + 9. Calculate the remainder when v(-4) is divided by y(x).
2
Let l = 5 + 59. Let b = 102 - l. What is the remainder when b is divided by 20?
18
Let q(d) = 7*d - 5. Suppose -4*c = c - 20. Calculate the remainder when 68 is divided by q(c).
22
Let f = -17 + 40. Let p = f + -16. What is the remainder when 20 is divided by p?
6
Let g(x) = -x**3 - 3*x**2 - 2*x - 3. What is the remainder when 11 is divided by g(-3)?
2
Calculate the remainder when (-8)/(-28) + (-888)/(-28) is divided by 17.
15
Suppose -2*a = 4*j - 14, -2*a - 5*j + 2 + 17 = 0. Let n be (-1)/a + (-14)/(-3). Let f(p) = p**2 - 4*p + 1. What is the remainder when 17 is divided by f(n)?
5
Let j = -5 + 48. What is the remainder when j is divided by 2/9 + 399/27?
13
Let n(k) = k**3 + 7*k**2 - 10*k - 9. Let u be n(-8). Let d(o) = o**3 - 6*o**2 - 7*o + 7. Calculate the remainder when 25 is divided by d(u).
4
Suppose 4*d = -d + 45. Suppose y + 5*q - 88 = 0, -y - 88 = -2*y - 2*q. Calculate the remainder when d is divided by y/16 - 1/2.
4
Suppose 2*c = -9 - 1. Let f(y) = -4*y + 2. What is the remainder when (-6)/(-8) + 506/8 is divided by f(c)?
20
Let c be ((2 + -4)/(-2))/1. Suppose -5*l + 16 = c. What is the remainder when l is divided by 1?
0
Let x(a) = a - 4. Let f be x(5). Calculate the remainder when 35 is divided by (-2)/f + 14*1.
11
Let h = 54 + -50. What is the remainder when 10 is divided by h?
2
Let h be (4/(-6))/((-1)/12). Suppose -4*l = -h*l - 268. Calculate the remainder when l/(-2) + 3/6 is divided by 12.
10
Suppose -3*t = 5*b + 10, -4*t - b + 10 = b. Let p(d) = 2*d**2 - 5*d - 6. What is the remainder when p(t) is divided by 10?
9
Suppose 10*r = 6*r + 948. What is the remainder when r is divided by 30?
27
Let a(g) = -18*g - 2. Let t be a(2). Let p = t + 55. Calculate the remainder when 65 is divided by p.
14
Suppose -v + 4*z + 26 = 0, -v + z + 28 = -z. Let d = -7 + -1. Let a(b) = -2*b. Calculate the remainder when v is divided by a(d).
14
Suppose 300 = 3*j - 249. Suppose 6*m - 5*p - j = 3*m, -5*p + 122 = 2*m. What is the remainder when m is divided by 16?
13
Let p = 0 - -2. Suppose s + 5 = -5*z + 10, 3*s - 32 = p*z. Calculate the remainder when 315/s*(-4)/(-6) is divided by 11.
10
Suppose v + 0*v - 3*m - 35 = 0, 5*v - 3*m = 199. Suppose -9*b + 202 = 13. What is the remainder when v is divided by b?
20
Suppose 0 = -4*j - j + 15. Suppose 8*c - j*c - 20 = 0. Suppose h + 185 + 135 = 5*y, 3*y = -c*h + 215. Calculate the remainder when y is divided by 22.
21
Let r(k) be the second derivative of k**5/20 + 13*k**4/12 + 3*k**3/2 + 5*k**2/2 + k. Calculate the remainder when r(-12) is divided by 11.
8
Suppose -13*c = -10*c - 21. Calculate the remainder when 48 is divided by c.
6
Let d = 20 - 10. Suppose -y + 16 = d. Calculate the remainder when 17 is divided by y.
5
Let s(f) = f**3 + 5*f**2 + 4*f + 2. Calculate the remainder when (-1 - -3)/(4/6) is divided by s(-4).
1
Let g = 25 - 37. What is the remainder when 26 is divided by (-9)/g*3*4?
8
Suppose 0 = 6*l - 7*l + 17. What is the remainder when 49 is divided by l?
15
Let x = 48 - 0. What is the remainder when x is divided by 17?
14
Let r(k) be the first derivative of -5*k**2/2 - 26*k - 2. Let s = 11 - 1. Calculate the remainder when r(-9) is divided by s.
9
Suppose -141 = -5*t + 4*l, -5*t + 47 = 3*l - 101. What is the remainder when 85 is divided by t?
27
What is the remainder when 77 is divided by 2 - (-20)/3*72/20?
25
Let t(h) = h**3 + 7*h**2 + 4. Let m be t(-7). Let a = 1 - m. Let v(n) = 5*n**2 + n + 2. Calculate the remainder when v(a) is divided by 15.
14
Suppose 4*g = 2*g + 36. Calculate the remainder when g is divided by 5.
3
Suppose q = -0*q + 10. Suppose 0*h + 156 = 4*h. What is the remainder when h is divided by q?
9
Suppose 4*t - 9 = 3. Suppose 5*n + 168 = 26*n. What is the remainder when n is divided by t?
2
Let i = -11 - -17. Let h be (-1)/((-21)/i + 3). Calculate the remainder when h/(3*(-1)/(-69)) is divided by 24.
22
Suppose 12*h - 22 = 11*h. What is the remainder when 83 is divided by h?
17
What is the remainder when 16*5 - 1/(3/(-3)) is divided by 14?
11
Let r = -31 - -22. Let i = r + 21. Calculate the remainder when 22 is divided by i.
10
Suppose -85 = -4*x - 5. Let q(d) = 2 + 3*d + 3 - 5*d + 2. Calculate the remainder when x is divided by q(0).
6
Suppose 0 = -2*y + 89 + 17. What is the remainder when y is divided by 14?
11
Suppose 2*r - r - 5 = 0. Let l = -33 - -60. Suppose -5*y - 2*x + 45 = 3*x, 0 = 3*y - 3*x - l. Calculate the remainder when y is divided by r.
4
Let p(q) = 2*q + 6. Calculate the remainder when p(7) is divided by ((-7)/4)/((-1)/4).
6
Let o = 135 - 62. Calculate the remainder when o is divided by 15.
13
Let f(x) = x**3 + 8*x**2 - 12*x - 11. Calculate the remainder when 47 is divided by f(-9).
15
Suppose y - 6*y - 4*q = -25, 4*q - 7 = -3*y. Suppose z - 21 = -5*r + 69, -2*r - 219 = -3*z. Suppose g = 4*g - z. What is the remainder when g is divided by y?
7
Suppose -7*a - 95 = -2*a - 5*s, 0 = 4*s - 12. Let d = -8 - a. Suppose -5*p + 50 = -55. What is the remainder when p is divided by d?
5
Suppose -2*a = 3*g - 22 - 28, 2*a = -4*g + 54. Calculate the remainder when 74 is divided by a.
17
Let k(f) = -4*f + 2. Let x be k(-2). Suppose 3*g + d - x = 22, 2*d + 20 = g. What is the remainder when 45 is divided by g?
9
Suppose 0 = 4*k - 4*p - 14 - 62, 4*p - 100 = -4*k. Calculate the remainder when 85 is divided by k.
19
Let i(m) = -m**3 + 7*m**2 - 7*m - 5. What is the remainder when 42 is divided by i(4)?
12
Let d be (68/85)/((-2)/(-5)). Suppose 0 = -4*r + 4, -4*y + 2*r + d*r = -128. What is the remainder when y is divided by 12?
9
Let 